.
2, 619
Let b = -1 + 3. Let v(g) = 9*g**3 - 3*g**2 + g + 1. Let l be v(b). Suppose -3*r + 5*r - 5*x = 27, -l = -4*r + x. What are the prime factors of r?
2
Let z = -7 + 9. Suppose z*m = -4*m - 24. List the prime factors of (0 - 1) + (m - -10).
5
Suppose 5*v - 3*l = 4, -28*l = 3*v - 30*l - 2. Suppose 0 = -3*b + 47 + 31. Suppose -v*d = -5*t - 54 - 53, -3*t = d - b. List the prime factors of d.
41
Let y = -831 + 1547. What are the prime factors of y?
2, 179
Suppose -2*v = 3*d - 13 - 6, -3*v = -6. Suppose -d*u = -6*u + 38. What are the prime factors of u?
2, 19
Suppose 0 = -2*k - k + 111. Let d = k - 34. List the prime factors of d.
3
Suppose 12*h - 7*h = 300. Suppose -h = 6*r - 294. List the prime factors of r.
3, 13
Suppose -4*u - 3*q + 11231 - 2579 = 0, -4*q - 2182 = -u. List the prime factors of u.
2, 3, 19
Let w(v) = 5*v**2 + 0*v**2 + 14*v - 21 + 5*v**2 + 0. List the prime factors of w(4).
3, 5, 13
Suppose 3*l = 7*l. Suppose l = u + 5*u - 108. What are the prime factors of u?
2, 3
Suppose -2*f + 49 + 5 = 0. Suppose 6*v - 93 + f = 0. List the prime factors of v.
11
Let l(v) = 6*v - 1. Let s be 1/3*42/(-2). Let x = s + 11. List the prime factors of l(x).
23
Suppose 9*p + 4*p = 988. Let q = 147 - p. What are the prime factors of q?
71
Let s(l) be the second derivative of -l**4/12 - 3*l**3/2 - l**2/2 - 10*l. Let x be s(-9). What are the prime factors of 12 + 2 + 6/x?
2
Let l(s) = 7*s**3 - 4*s**2 + 5*s - 10. List the prime factors of l(4).
2, 197
List the prime factors of (38 + -47)/(3/(-865)).
3, 5, 173
Let g(u) = 7*u**2 + 13*u + 52. List the prime factors of g(-7).
2, 19
Let l = -2208 + 3379. List the prime factors of l.
1171
Let m(k) be the first derivative of -4*k**3/3 - k**2/2 + 152*k - 19. List the prime factors of m(0).
2, 19
Let m(h) = -h**3 - 27*h**2 + 26*h - 123. List the prime factors of m(-29).
5, 7, 23
Let d(k) = -9*k - 91. Let z be d(0). Let l = z + 227. List the prime factors of l.
2, 17
What are the prime factors of (1296/80 - 18)/((-2)/2490)?
3, 83
Let o(u) = -5*u + 9. Let j be o(8). Let x = j + 38. Suppose 2*d = x*d - m - 101, 3*m + 3 = 0. What are the prime factors of d?
2, 5
Suppose 1 - 29 = -7*q. Suppose q*u = -4*d + 292, -3*u - 3 - 82 = -d. List the prime factors of d.
2, 19
Suppose p = 5*y - 56 + 191, -3*y + 5*p = 81. Let k = 100 + y. List the prime factors of k.
73
Let q(i) = -3*i**3 - 4*i**2 + i + 5. Let j(f) = 9*f**3 + 11*f**2 - 3*f - 14. Let b(m) = -3*j(m) - 8*q(m). What are the prime factors of b(-2)?
2, 5
Let q(i) be the third derivative of i**6/120 + 7*i**5/60 - 13*i**4/24 - 10*i**3/3 + 25*i**2. List the prime factors of q(-8).
2, 5
Suppose -3*o + 1883 = -6*g + 8*g, 3*o - 5*g = 1918. List the prime factors of o.
631
Suppose -5*i - 128 = -b, -2*i - 5 + 154 = b. Suppose 3*j - 2*j - 643 = -5*p, -p = 5*j - b. List the prime factors of p.
2
Suppose 5*u = b - 8, -3*b - b = 5*u - 32. Let s be (12/b)/((-3)/(-8)). Let z = 7 + s. List the prime factors of z.
11
Let k(h) = -h**3 - 43*h**2 - 63*h. List the prime factors of k(-42).
2, 3, 7
Let y(r) = 9 + 12*r - 5*r**2 - 14*r**2 + 18*r**2. Let c(v) = 11*v**2 + 2*v - 1. Let l be c(1). What are the prime factors of y(l)?
3
Let w = 233 + -146. Let p = -27 + w. List the prime factors of p.
2, 3, 5
Suppose -10 = -4*y + 2. Suppose 5*t = y*l + 173, 3*l + 0*l = 12. List the prime factors of t.
37
Let y(t) = -t**3 + 3*t**2 + 7. Let v be y(4). Let g = v + 26. Suppose 300 = 22*u - g*u. List the prime factors of u.
2, 3, 5
Suppose -5*m - 33 = 27. Let t = -12 - m. Let w = 7 - t. List the prime factors of w.
7
Let u = -722 + 2681. What are the prime factors of u?
3, 653
Suppose 0 = 2*z - 2*m - 150, -4*z + 8*m = 9*m - 295. What are the prime factors of z?
2, 37
Suppose 3*v + 3*i + 853 = 5275, 0 = 4*v + 3*i - 5897. List the prime factors of v.
5, 59
Suppose 480 = y + 2*w - 157, -4*y + 4*w = -2488. Let c be 15/(-10) + y/(-6). Let q = 185 + c. What are the prime factors of q?
79
Suppose 2*u = 1 - 7. Let h(k) = k**2 - 17*k + 3. Let o be h(17). List the prime factors of o*(u + 1 + 19).
3, 17
Let q be 1/(3/(-30)*-2). Let g be ((-3940)/(-50))/(1/q). What are the prime factors of (-15)/(-20) - g/(-8)?
2, 5
Let b(m) = 10*m**3 - 3*m**2 + 4*m + 3. Let i be b(3). Let d = i - 154. What are the prime factors of d?
2, 13
Let o = 22 - 22. Suppose 3*c - 9 = -o. What are the prime factors of c?
3
Let y = 133 - -563. List the prime factors of y.
2, 3, 29
Suppose -716 = 4*l - 3*l. Let o be (-6)/(-9) + l/(-6). Suppose 190 = 5*t - o. What are the prime factors of t?
2, 31
What are the prime factors of (-650)/(-39)*78/4?
5, 13
Let n(f) = 5*f**2 - 3*f + 5. Suppose 4*t - 11 = -r, -2*t + 1 = 4*r - 1. What are the prime factors of n(t)?
41
Suppose 3*o - 8 - 7 = 0, 0 = 5*x + 4*o - 6810. List the prime factors of x.
2, 7, 97
Let a be 3*3/9*82. Suppose u + 1 = -4*v, u + 5*v + a = 4*u. What are the prime factors of u?
19
Let a(c) = -1 - 2*c + 3*c + c. Let f = -52 - -55. List the prime factors of a(f).
5
Suppose 7*t - 3*t = 240. Let j be 5 - (-5 - -5)/(-1). Suppose 8*n = 3*n + u + t, 50 = j*n + u. What are the prime factors of n?
11
Let z(p) = 231*p - 356. What are the prime factors of z(5)?
17, 47
Let d(p) = -p**3 + 3*p**2 - 3*p + 2. Let l be d(2). Let w = 5 - l. What are the prime factors of w?
5
Let k(g) = -7*g - 14. Let u(a) = 11*a + 21. Let m(q) = -8*k(q) - 5*u(q). Let l be m(-8). Let n(f) = 21*f**2. List the prime factors of n(l).
3, 7
Suppose f = -1 + 3. Suppose -g + 4 = -f. Suppose -o + g*o - 100 = 0. List the prime factors of o.
2, 5
Let d = -8 - -7. Let o be -20 + 3/(d - 2). List the prime factors of (-4 + 3)/(1/o).
3, 7
Suppose 0 = -5*t - 2*u + 569, u = 5*t - 0*u - 563. Let a = t - -20. List the prime factors of a.
7, 19
Let g(r) = 2*r - 2 + 8*r - 16*r - 25*r. What are the prime factors of g(-3)?
7, 13
Suppose 5*h - 4*v - 6383 = -591, 4615 = 4*h + 3*v. List the prime factors of h.
2, 17
Suppose 0 = -2*c - 11116 - 5192. Let q be c/24*(-4)/(-1). List the prime factors of q/(-39) + (-2)/(-13).
5, 7
Suppose -3*v = 7*v - 3470. What are the prime factors of v?
347
Suppose 5*p + 2769 = -0*o - 4*o, -4*p = o + 706. Let n = -385 - o. Suppose -7*u = -0*u - n. What are the prime factors of u?
43
Suppose -9 + 25 = w. Suppose 15*n - w*n - 64 = 0. Let h = -19 - n. List the prime factors of h.
3, 5
Suppose 0 = s - 4*d - 195, -2*s + 402 = -4*d - 4. List the prime factors of s.
211
Suppose -n + 25 = -6*n. Suppose 3*o = 17*o. Let i = o - n. What are the prime factors of i?
5
Let s be 58 + (-4)/(3 + -4). Suppose 3*w - 2*d = 174, -3*d + 5*d = w - s. What are the prime factors of w?
2, 7
Suppose -3*d - 10 = 2*d - a, -3*a + 10 = 5*d. What are the prime factors of 359*d/(-3) + (-3)/(-9)?
2, 3, 5
Let w be (4 - -47)*(-5)/((-45)/6). Let c = 124 - w. List the prime factors of c.
2, 3, 5
Suppose -168 = -2*h - h. Let g be (h/(-4 - 0))/1. What are the prime factors of (12/(-8) + -2)*g?
7
Let j = -62 + -77. Let r = 285 + j. What are the prime factors of r?
2, 73
Suppose 1025*m = 1050*m - 19675. List the prime factors of m.
787
Let b be (-3 - 0)/(12/(-1092)). What are the prime factors of ((-44)/(-6))/(14/b)?
11, 13
Let l = 0 - 6. Let g = -10 - l. List the prime factors of 0 - -1 - (-24 + g).
29
Let p(v) = 9*v**2 - v + 4. Let m be p(3). Let s = -39 + m. Suppose -5*z - 6 - s = -4*w, -w - z = -1. What are the prime factors of w?
2, 3
Let d = -32 + -36. List the prime factors of (-6)/8 + (-4063)/d.
59
Let h(g) = -220*g**3 + 2*g**2 + 4*g + 3. List the prime factors of h(-1).
13, 17
Suppose 11*b = 3*b + 32. Suppose -b*y = -1003 + 399. List the prime factors of y.
151
Suppose 5*p - 9943 = -1368. List the prime factors of p.
5, 7
Suppose -2*m + 194 = -868. List the prime factors of m.
3, 59
Suppose -549 = 10*p - 13*p. What are the prime factors of p?
3, 61
Let b be ((-339)/(-6) + -3)*8/4. Suppose -7*q + 965 = -2*q. Suppose 0 = -2*k + 10, -5*s + q + b = -k. What are the prime factors of s?
61
Suppose 0 = f + f - 2*u - 940, -2*f + 939 = -u. What are the prime factors of f?
7, 67
Suppose 8967 + 2999 = 3*d + 5*a, 2*d - 7974 = -5*a. What are the prime factors of d?
2, 499
What are the prime factors of ((-215)/2 + -1)*1296/(-252)?
2, 3, 31
Suppose 7*m - 6*m = -2*s + 569, -280 = -s - 2*m. List the prime factors of s.
2, 11, 13
Let j(o) = o**2 + 4*o - 7. Let